4855. What is the thousands digit of b?
4
Let i(z) = 80*z**2 - 45*z - 12. What is the tens digit of i(5)?
6
Let w(z) be the second derivative of -z**5/60 + z**4/2 + 11*z**3/6 - 2*z**2 - 2*z. Let x(y) be the first derivative of w(y). What is the tens digit of x(11)?
2
Let i(h) = 2*h**3 + 6*h + 1. Let t be i(-2). What is the hundreds digit of t/(-108) + 1174/8?
1
Suppose -3*v + 195 = 3*t, -t - 207 = -v - 2*v. Let u = v - 40. What is the tens digit of u?
2
What is the tens digit of (3*10/75)/((-1)/(-1360))?
4
Let l = 9885 + -7058. What is the units digit of l?
7
Let o be (-228)/(-3) + 0/1. Suppose -3*a = -4*a + 3*z + o, -a + 36 = 5*z. What is the units digit of a?
1
Let d = 18 - 23. Let r = d - -6. What is the units digit of (-18)/(-6) + r*-2?
1
Let g(c) = 12*c + 1. Let o(d) = 3*d + 24. Let w be o(-5). What is the tens digit of g(w)?
0
Suppose 2*c = 3 + 21. Let z = c + -7. What is the units digit of z*(-2 + 17)/3?
5
Suppose 19*z - 32*z = -533. What is the tens digit of z?
4
Let w(f) = 6*f**2 - f + 1. Let g be w(1). Let p(z) = 3*z**2 - 9*z + 3. Let l be p(g). Let r = l + -25. What is the tens digit of r?
3
Let a be (-61)/(3 + (-4 - -2)). Let l(p) = -p**3 - 14*p**2 - 8*p - 12. Let f be l(-14). Let u = f + a. What is the tens digit of u?
3
Let j(o) = -16*o - 5. Suppose -4*h + 10 = -2*h, k = -h. Let y be j(k). Suppose -6*a = -45 - y. What is the units digit of a?
0
Let t = -13 + 15. Suppose t*g - 15 = -g. Suppose -4*w + 2*k + 11 = 3*k, k - 15 = -g*w. What is the units digit of w?
4
Suppose -6*z - 121 = -397. What is the tens digit of z?
4
What is the thousands digit of 6/24*16 + 2046?
2
Let i(q) = -2*q**3 - 13*q**2 - 5*q - 18. Let t(b) = -3*b**3 - 13*b**2 - 6*b - 19. Let u(o) = -4*i(o) + 3*t(o). What is the units digit of u(12)?
3
Let j(w) = -w**3 - 6*w**2 + 6*w - 3. Let z be j(-7). What is the tens digit of 4 - 3 - z - -24?
2
Let a = -39 - -112. Suppose -16*q + 2679 = -a. What is the units digit of q?
2
Suppose -2*w + 4*w - 36 = i, -36 = -w + 5*i. Suppose -2*j - 3*q - 63 = 0, 65 = -j - 5*q + w. Let m = 12 - j. What is the tens digit of m?
3
Suppose 5*b + 3*v = 335, 3*b + 8*v - 3*v - 201 = 0. Let d = 113 - b. What is the tens digit of d?
4
Let v(q) = q - 9328. Let k be v(0). What is the units digit of (0 - 1/5) + k/(-40)?
3
Let d = 5 + 1. Let k(g) = -g**2 + 8*g - 7. Let j be k(d). Suppose -j*c + 89 = -6. What is the units digit of c?
9
Let v(t) = t**3 + 17*t**2 + 2*t - 8. What is the units digit of v(-6)?
6
Let s(n) = n**3 + 8*n**2 - 4*n - 12. Let z(p) = p**3 - 7*p**2 + 8*p - 8. Let r be z(6). Suppose -m - 40 = r*m. What is the tens digit of s(m)?
2
Let f(j) = j**3 + 11*j**2 + 8*j - 5. Let p be f(-10). Suppose 226 = -13*u + p*u. What is the units digit of u?
3
Let t(r) be the second derivative of r**6/180 + r**5/24 - r**4/6 + r**3/6 - 4*r. Let b(h) be the second derivative of t(h). What is the units digit of b(-4)?
8
Suppose -384 = 5*d - 9. Let v = d - -144. What is the units digit of v?
9
Let m be (-8)/16*-1*246. Let z(f) = -2*f - 4. Let j be z(-6). Suppose -5*b - m = -j*b. What is the units digit of b?
1
Suppose 0 = 5*s - 18 + 8, -4*p = 5*s - 4986. What is the tens digit of p?
4
Let q = -13 + 35. Suppose j + 4*p - q = 0, -4*j + 9*j - 110 = -p. Let z = 9 + j. What is the tens digit of z?
3
Suppose 0 = 24*r + 8550 - 66510. What is the units digit of r?
5
Let o be 50*((-9)/(-6) - 0). Suppose -4*n - 28 - 14 = -3*a, -5*a + 2*n = -84. Suppose 2*k - 268 = -4*h, -a + o = h + 3*k. What is the tens digit of h?
6
Suppose o + 5*v - 10 = -1, -4*o + 15 = -v. What is the hundreds digit of 11/(44/672) + (o - 3)?
1
Suppose 0 = 200*b - 237*b + 137307. What is the tens digit of b?
1
Let j = 5061 + -2421. What is the thousands digit of j?
2
Suppose 5*y + 32 = 3*z - 12, -3*y = -4*z + 33. Let l(w) = -w**3 - 8*w**2 - 12*w - 13. Let r be l(y). Suppose -5*v + 107 = r. What is the tens digit of v?
1
Let s(d) = -2*d + 3*d**2 - 5*d**2 + d**3 + 1 + d**2. What is the units digit of s(2)?
1
What is the hundreds digit of (-3 + 1 - -1937) + 7 + -9?
9
Let v be 6*(-4)/(-96)*12. Suppose -11*n - v*n = -1456. What is the units digit of n?
4
Let x be 0 + -4 + (-29 - -2). Suppose -5*b = -2*c - 4, -5*b - 3*c + 10 = -8*c. Let z = b - x. What is the units digit of z?
1
Let a be 43/15 + 6/45. Suppose -3*y + 14 = -5*n, 3*y - n = a*n + 13. Suppose y*o = -0*o - 3*b + 81, o = -4*b + 12. What is the tens digit of o?
3
Let g(z) = z**2 + 12*z - 11. Let f be g(-13). Let y(d) = -d**3 + 2*d**2 + d. Let o be y(f). Suppose -q - 3 = -o*q. What is the units digit of q?
3
Suppose 0 = 4*i + 8 - 0, -3849 = -b - 2*i. What is the units digit of b?
3
Let g = 34 - 19. What is the tens digit of g/(-25) - (-1344)/15?
8
Let u = 2253 - 95. What is the units digit of u?
8
Let z be (12/(-5))/((-21)/70). Suppose -g = -5*g + z. Suppose -22 = -2*r - g*l, 0*r + 4*r = 2*l + 74. What is the units digit of r?
6
Let g be 1 + ((-3)/3)/(-1). Let s be ((-3)/g)/((-22)/2772). Suppose -3*h = 3*m - s, 0 = -2*m + h + 116 + 7. What is the tens digit of m?
6
Suppose 12 = 3*q + 6. Suppose 0 = 2*t - t - q. What is the units digit of 2*10/2 - t?
8
Suppose 7*u + 5 = 8*u. Suppose -3*q + 4*g = -354, u*q - 585 = 2*g + 3*g. What is the tens digit of q?
1
What is the units digit of (-13 + 0 + 9)*-186?
4
Let l(u) = -9*u**2 - 6*u - 1. Let d be l(-1). Let p(y) = -49*y - 14. What is the tens digit of p(d)?
8
Let o(s) = 21*s + 49. What is the units digit of o(21)?
0
Let w(n) = 7*n - 32*n - 1 + 8 + 3*n**2. What is the units digit of w(11)?
5
Suppose -4*t = -3*t. Let f(h) = -5 - 6*h + h + 0*h + t*h. What is the tens digit of f(-4)?
1
Suppose 37*h = 5*h + 65792. What is the units digit of h?
6
What is the hundreds digit of ((-1617)/12*2 - 6)*-14?
8
Let j(w) = -13*w + 3. Let k(u) = 13*u - 2. Let m(t) = 4*j(t) + 5*k(t). What is the hundreds digit of m(11)?
1
Let t(s) = s - 5. Let w be t(7). Suppose 0 = -w*u + 7*u - 30. Suppose u = a - 6. What is the units digit of a?
2
Let z = 408 - -25. Suppose 3*v + z = 6*v + 5*n, 5*v + n = 729. What is the tens digit of v?
4
Let g = -48 - -27. Let k = g - -28. Suppose -4*w + k*w + 185 = 4*n, 0 = -5*w - 15. What is the units digit of n?
4
Suppose 20*l + 15*l = 79100. What is the thousands digit of l?
2
Suppose 5*q = -3*s + 2236, -23*s + 2*q = -22*s - 727. What is the units digit of s?
7
Let b(s) = 14*s**2 + 4*s + 9. Let p be b(-2). What is the tens digit of (-1 - -73*3) + -54 + p?
2
Let r(j) = 0*j - 3352*j**3 + 0*j + 3323*j**3 - 1. Suppose -4*s = s - 5*n - 5, -5*s - 5*n - 15 = 0. What is the tens digit of r(s)?
2
Let f(q) = -1 + 2*q**2 + 10 - 17*q + 11*q. What is the hundreds digit of f(9)?
1
Let j(h) = 4*h - 2. Let b(q) = 4*q - 1. Let c(a) = -2*b(a) + 3*j(a). Let u = 1 + 6. What is the tens digit of c(u)?
2
Let h = -1 + 6. Let z(y) = 14*y. What is the units digit of z(h)?
0
Let i(n) = 15*n**2 + 2*n - 21. What is the tens digit of i(-7)?
0
What is the hundreds digit of 3*(-7)/21*-211?
2
Suppose 5*t - 2*b - 11520 = 0, 3*t = 2*b - 810 + 7718. What is the units digit of t?
6
Let y(s) = -s**3 + 7*s**2 - 4*s + 15. Let j be y(6). Let g(u) = -u + j - 2*u + u. What is the tens digit of g(-12)?
5
Let w = -4583 - -7196. What is the thousands digit of w?
2
Let w = -29 + 41. Suppose -w*a + 16*a - 1064 = 0. What is the units digit of a?
6
Let i(j) = j**2 - 2*j + 6. Let d be i(4). Suppose -d = -5*x + 7*x. Let n = x + 12. What is the units digit of n?
5
Suppose 0 = 3*r + 3*j - 3, 6 = -0*r + 2*r - 2*j. Let l be 3 + (116 - (-2)/r). Suppose -u = -4*w - w + l, -4*u = 5*w - 145. What is the units digit of w?
5
Let y be (2 - 2) + 0/3. Suppose y = j + 3*h - 25, 5*j = -7*h + 4*h + 89. What is the units digit of j?
6
Let m(g) = g**2 - 11*g + 4. Let x be m(11). Suppose 2*a - 7*a = 5*b - 185, 3*a - 115 = -5*b. Suppose -d - x*d = -a. What is the units digit of d?
7
Let d(h) = -81*h**3 - h**2 - 2*h - 1. Let j = -46 - -45. What is the tens digit of d(j)?
8
Suppose 3*y = 2*l - 39, -5*y - 3 = -2*l + 26. Suppose -3*c - l - 23 = -5*t, 4*t - 2*c - 40 = 0. What is the units digit of t?
0
Suppose f = o + 2*f - 8, -8 = -4*f. Suppose -o*x = -x + 50. Let u(l) = -5*l + 9. What is the tens digit of u(x)?
5
Let f(n) = n**3 - n**2 - n. Let w(t) = 4*t**3 - 10*t**2 - 3*t - 8. Let v(m) = -5*f(m) + w(m). Let l be v(-6). Let o = 23 - l. What is the units digit 